{"id":128,"date":"2022-08-07T20:48:19","date_gmt":"2022-08-07T20:48:19","guid":{"rendered":"https:\/\/ledyandrade.com\/?page_id=128"},"modified":"2022-08-08T15:10:02","modified_gmt":"2022-08-08T15:10:02","slug":"reajuste-a-sua-rota","status":"publish","type":"page","link":"https:\/\/ledyandrade.com\/?page_id=128","title":{"rendered":"Reajuste a Sua Rota"},"content":{"rendered":"\n<div class=\"wp-block-cover alignfull\" style=\"min-height:351px;aspect-ratio:unset;\"><span aria-hidden=\"true\" class=\"wp-block-cover__background has-background-dim\"><\/span><img loading=\"lazy\" decoding=\"async\" width=\"1640\" height=\"924\" class=\"wp-block-cover__image-background wp-image-130\" alt=\"\" src=\"https:\/\/ledyandrade.com\/wp-content\/uploads\/2022\/08\/LEDY-ANDRADE-6.png\" data-object-fit=\"cover\" srcset=\"https:\/\/ledyandrade.com\/wp-content\/uploads\/2022\/08\/LEDY-ANDRADE-6.png 1640w, https:\/\/ledyandrade.com\/wp-content\/uploads\/2022\/08\/LEDY-ANDRADE-6-300x169.png 300w, https:\/\/ledyandrade.com\/wp-content\/uploads\/2022\/08\/LEDY-ANDRADE-6-1024x577.png 1024w, https:\/\/ledyandrade.com\/wp-content\/uploads\/2022\/08\/LEDY-ANDRADE-6-768x433.png 768w, https:\/\/ledyandrade.com\/wp-content\/uploads\/2022\/08\/LEDY-ANDRADE-6-1536x865.png 1536w\" sizes=\"auto, (max-width: 1640px) 100vw, 1640px\" \/><div class=\"wp-block-cover__inner-container is-layout-flow wp-block-cover-is-layout-flow\">\n<p class=\"has-text-align-center has-large-font-size\"><\/p>\n<\/div><\/div>\n\n\n\n<div style=\"height:44px\" aria-hidden=\"true\" class=\"wp-block-spacer\"><\/div>\n\n\n\n<p class=\"has-text-align-left has-neve-text-color-color has-text-color\" style=\"font-size:17px\">Um programa on-line desenvolvido para guiar o seu processo de autoconhecimento de forma pr\u00e1tica. Voc\u00ea vai aprender a&nbsp;<strong>planejar e estruturar a sua carreira<\/strong>&nbsp;de forma que ela<strong>&nbsp;se encaixe na sua vida<\/strong>, construindo carreiras paralelas, n\u00e3o lineares expressando sua voz. <\/p>\n\n\n\n<p class=\"has-text-align-left has-neve-text-color-color has-text-color\" style=\"font-size:17px\">Composto de 8 m\u00f3dulos + aulas te\u00f3ricas e pr\u00e1ticas, + material complementar, com encontros ao vivo pelo per\u00edodo de 3 meses para dar o direcionamento que voc\u00ea precisa.<\/p>\n\n\n\n<h5 class=\"wp-block-heading\">Se inscreva na lista de espera para a pr\u00f3xima turma:<\/h5>\n\n\n","protected":false},"excerpt":{"rendered":"<p>Um programa on-line desenvolvido para guiar o seu processo de autoconhecimento de forma pr\u00e1tica. Voc\u00ea vai aprender a&nbsp;planejar e estruturar a sua carreira&nbsp;de forma que ela&nbsp;se encaixe na sua vida, construindo carreiras paralelas, n\u00e3o lineares expressando sua voz. Composto de 8 m\u00f3dulos + aulas te\u00f3ricas e pr\u00e1ticas, + material complementar, com encontros ao vivo pelo&hellip;&nbsp;<a href=\"https:\/\/ledyandrade.com\/?page_id=128\" class=\"\" rel=\"bookmark\">Read More &raquo;<span class=\"screen-reader-text\">Reajuste a Sua Rota<\/span><\/a><\/p>\n","protected":false},"author":1,"featured_media":0,"parent":0,"menu_order":0,"comment_status":"closed","ping_status":"closed","template":"","meta":{"neve_meta_sidebar":"","neve_meta_container":"","neve_meta_enable_content_width":"","neve_meta_content_width":0,"neve_meta_title_alignment":"","neve_meta_author_avatar":"","neve_post_elements_order":"","neve_meta_disable_header":"off","neve_meta_disable_footer":"","neve_meta_disable_title":"on","footnotes":""},"class_list":["post-128","page","type-page","status-publish","hentry"],"yoast_head":"<!-- This site is optimized with the Yoast SEO plugin v20.10 - https:\/\/yoast.com\/wordpress\/plugins\/seo\/ -->\n<title>Reajuste a Sua Rota - Ledy Andrade<\/title>\n<meta name=\"robots\" content=\"index, follow, max-snippet:-1, max-image-preview:large, max-video-preview:-1\" \/>\n<link rel=\"canonical\" href=\"https:\/\/ledyandrade.com\/?page_id=128\" \/>\n<meta property=\"og:locale\" content=\"en_US\" \/>\n<meta property=\"og:type\" content=\"article\" \/>\n<meta property=\"og:title\" content=\"Reajuste a Sua Rota - Ledy Andrade\" \/>\n<meta property=\"og:description\" content=\"Um programa on-line desenvolvido para guiar o seu processo de autoconhecimento de forma pr\u00e1tica. Voc\u00ea vai aprender a&nbsp;planejar e estruturar a sua carreira&nbsp;de forma que ela&nbsp;se encaixe na sua vida, construindo carreiras paralelas, n\u00e3o lineares expressando sua voz. Composto de 8 m\u00f3dulos + aulas te\u00f3ricas e pr\u00e1ticas, + material complementar, com encontros ao vivo pelo&hellip;&nbsp;Read More &raquo;Reajuste a Sua Rota\" \/>\n<meta property=\"og:url\" content=\"https:\/\/ledyandrade.com\/?page_id=128\" \/>\n<meta property=\"og:site_name\" content=\"Ledy Andrade\" \/>\n<meta property=\"article:modified_time\" content=\"2022-08-08T15:10:02+00:00\" \/>\n<meta property=\"og:image\" content=\"https:\/\/ledyandrade.com\/wp-content\/uploads\/2022\/08\/LEDY-ANDRADE-6.png\" \/>\n<meta name=\"twitter:card\" content=\"summary_large_image\" \/>\n<meta name=\"twitter:label1\" content=\"Est. reading time\" \/>\n\t<meta name=\"twitter:data1\" content=\"1 minute\" \/>\n<script type=\"application\/ld+json\" class=\"yoast-schema-graph\">{\"@context\":\"https:\/\/schema.org\",\"@graph\":[{\"@type\":\"WebPage\",\"@id\":\"https:\/\/ledyandrade.com\/?page_id=128\",\"url\":\"https:\/\/ledyandrade.com\/?page_id=128\",\"name\":\"Reajuste a Sua Rota - Ledy Andrade\",\"isPartOf\":{\"@id\":\"https:\/\/ledyandrade.com\/#website\"},\"datePublished\":\"2022-08-07T20:48:19+00:00\",\"dateModified\":\"2022-08-08T15:10:02+00:00\",\"breadcrumb\":{\"@id\":\"https:\/\/ledyandrade.com\/?page_id=128#breadcrumb\"},\"inLanguage\":\"en-US\",\"potentialAction\":[{\"@type\":\"ReadAction\",\"target\":[\"https:\/\/ledyandrade.com\/?page_id=128\"]}]},{\"@type\":\"BreadcrumbList\",\"@id\":\"https:\/\/ledyandrade.com\/?page_id=128#breadcrumb\",\"itemListElement\":[{\"@type\":\"ListItem\",\"position\":1,\"name\":\"Home\",\"item\":\"https:\/\/ledyandrade.com\/\"},{\"@type\":\"ListItem\",\"position\":2,\"name\":\"Reajuste a Sua Rota\"}]},{\"@type\":\"WebSite\",\"@id\":\"https:\/\/ledyandrade.com\/#website\",\"url\":\"https:\/\/ledyandrade.com\/\",\"name\":\"Ledy Andrade\",\"description\":\"\",\"potentialAction\":[{\"@type\":\"SearchAction\",\"target\":{\"@type\":\"EntryPoint\",\"urlTemplate\":\"https:\/\/ledyandrade.com\/?s={search_term_string}\"},\"query-input\":\"required name=search_term_string\"}],\"inLanguage\":\"en-US\"}]}<\/script>\n<!-- \/ Yoast SEO plugin. -->","yoast_head_json":{"title":"Reajuste a Sua Rota - Ledy Andrade","robots":{"index":"index","follow":"follow","max-snippet":"max-snippet:-1","max-image-preview":"max-image-preview:large","max-video-preview":"max-video-preview:-1"},"canonical":"https:\/\/ledyandrade.com\/?page_id=128","og_locale":"en_US","og_type":"article","og_title":"Reajuste a Sua Rota - Ledy Andrade","og_description":"Um programa on-line desenvolvido para guiar o seu processo de autoconhecimento de forma pr\u00e1tica. Voc\u00ea vai aprender a&nbsp;planejar e estruturar a sua carreira&nbsp;de forma que ela&nbsp;se encaixe na sua vida, construindo carreiras paralelas, n\u00e3o lineares expressando sua voz. Composto de 8 m\u00f3dulos + aulas te\u00f3ricas e pr\u00e1ticas, + material complementar, com encontros ao vivo pelo&hellip;&nbsp;Read More &raquo;Reajuste a Sua Rota","og_url":"https:\/\/ledyandrade.com\/?page_id=128","og_site_name":"Ledy Andrade","article_modified_time":"2022-08-08T15:10:02+00:00","og_image":[{"url":"https:\/\/ledyandrade.com\/wp-content\/uploads\/2022\/08\/LEDY-ANDRADE-6.png"}],"twitter_card":"summary_large_image","twitter_misc":{"Est. reading time":"1 minute"},"schema":{"@context":"https:\/\/schema.org","@graph":[{"@type":"WebPage","@id":"https:\/\/ledyandrade.com\/?page_id=128","url":"https:\/\/ledyandrade.com\/?page_id=128","name":"Reajuste a Sua Rota - Ledy Andrade","isPartOf":{"@id":"https:\/\/ledyandrade.com\/#website"},"datePublished":"2022-08-07T20:48:19+00:00","dateModified":"2022-08-08T15:10:02+00:00","breadcrumb":{"@id":"https:\/\/ledyandrade.com\/?page_id=128#breadcrumb"},"inLanguage":"en-US","potentialAction":[{"@type":"ReadAction","target":["https:\/\/ledyandrade.com\/?page_id=128"]}]},{"@type":"BreadcrumbList","@id":"https:\/\/ledyandrade.com\/?page_id=128#breadcrumb","itemListElement":[{"@type":"ListItem","position":1,"name":"Home","item":"https:\/\/ledyandrade.com\/"},{"@type":"ListItem","position":2,"name":"Reajuste a Sua Rota"}]},{"@type":"WebSite","@id":"https:\/\/ledyandrade.com\/#website","url":"https:\/\/ledyandrade.com\/","name":"Ledy Andrade","description":"","potentialAction":[{"@type":"SearchAction","target":{"@type":"EntryPoint","urlTemplate":"https:\/\/ledyandrade.com\/?s={search_term_string}"},"query-input":"required name=search_term_string"}],"inLanguage":"en-US"}]}},"_links":{"self":[{"href":"https:\/\/ledyandrade.com\/index.php?rest_route=\/wp\/v2\/pages\/128","targetHints":{"allow":["GET"]}}],"collection":[{"href":"https:\/\/ledyandrade.com\/index.php?rest_route=\/wp\/v2\/pages"}],"about":[{"href":"https:\/\/ledyandrade.com\/index.php?rest_route=\/wp\/v2\/types\/page"}],"author":[{"embeddable":true,"href":"https:\/\/ledyandrade.com\/index.php?rest_route=\/wp\/v2\/users\/1"}],"replies":[{"embeddable":true,"href":"https:\/\/ledyandrade.com\/index.php?rest_route=%2Fwp%2Fv2%2Fcomments&post=128"}],"version-history":[{"count":0,"href":"https:\/\/ledyandrade.com\/index.php?rest_route=\/wp\/v2\/pages\/128\/revisions"}],"wp:attachment":[{"href":"https:\/\/ledyandrade.com\/index.php?rest_route=%2Fwp%2Fv2%2Fmedia&parent=128"}],"curies":[{"name":"wp","href":"https:\/\/api.w.org\/{rel}","templated":true}]}}